f 447452288 and 64?
64
Calculate the greatest common divisor of 5932 and 26063725.
1483
Calculate the greatest common divisor of 1581772 and 32.
4
Calculate the highest common factor of 115675 and 673400.
175
What is the greatest common divisor of 14136 and 78109?
19
What is the highest common divisor of 22 and 48357661?
11
Calculate the greatest common divisor of 6151260 and 9.
3
Calculate the highest common factor of 257130034 and 56.
14
What is the highest common divisor of 6697925 and 774787?
7241
Calculate the highest common factor of 3835 and 263081.
767
Calculate the highest common divisor of 40 and 3764476.
4
What is the greatest common divisor of 4776 and 140693?
199
What is the highest common factor of 4488746 and 5246?
122
What is the greatest common divisor of 36879158 and 333?
37
Calculate the highest common divisor of 1887 and 298568059.
629
Calculate the highest common factor of 3690262 and 57892.
706
Calculate the highest common divisor of 84513 and 65208.
429
Calculate the greatest common factor of 525 and 1217055.
105
What is the greatest common factor of 33 and 50789805?
33
Calculate the highest common factor of 2969500 and 1000.
500
Calculate the highest common factor of 891605808 and 240.
48
What is the highest common divisor of 2393107 and 11439?
31
Calculate the greatest common divisor of 2224 and 220614128.
2224
Calculate the highest common divisor of 11 and 712609403.
11
Calculate the greatest common factor of 235433 and 25874.
17
Calculate the highest common factor of 2446090 and 374030.
3310
Calculate the highest common divisor of 1575 and 672910.
35
Calculate the highest common factor of 2688 and 2496333.
21
Calculate the highest common factor of 13008905 and 2275.
455
What is the greatest common divisor of 19470 and 238755?
165
Calculate the highest common factor of 699164 and 50676.
412
Calculate the highest common divisor of 140191042 and 318.
106
Calculate the highest common divisor of 11287441 and 3476.
869
Calculate the greatest common factor of 105650109 and 732.
183
Calculate the highest common factor of 208034 and 2050.
82
What is the greatest common divisor of 123845612 and 17?
17
What is the highest common factor of 7 and 301493899?
7
Calculate the greatest common factor of 81696 and 3472908.
276
What is the greatest common factor of 69451 and 95975?
349
Calculate the highest common divisor of 480700 and 1070.
10
Calculate the greatest common divisor of 100 and 210989425.
25
Calculate the greatest common divisor of 1421 and 135385166.
203
Calculate the greatest common divisor of 168 and 2436.
84
What is the highest common divisor of 81072 and 2994?
6
Calculate the highest common factor of 27219178 and 2126.
2126
Calculate the highest common divisor of 161323930 and 2050.
410
What is the greatest common factor of 1721800 and 1403267?
8609
Calculate the greatest common divisor of 90405 and 1274490.
2205
Calculate the greatest common divisor of 4532 and 1961223.
1133
What is the greatest common divisor of 346 and 19522704?
346
What is the highest common factor of 163 and 91730369?
163
Calculate the greatest common factor of 103560 and 178500.
60
Calculate the greatest common divisor of 44785469 and 759985.
8941
Calculate the highest common factor of 8755 and 152548871.
1751
What is the highest common divisor of 10 and 1487084650?
10
Calculate the greatest common divisor of 8446605 and 4465.
235
What is the highest common divisor of 42287570 and 130?
130
What is the greatest common divisor of 640 and 288704?
64
Calculate the greatest common divisor of 14248875 and 26250.
375
Calculate the greatest common divisor of 2582 and 32824966.
2582
What is the highest common divisor of 358 and 523916?
2
Calculate the highest common divisor of 9 and 13725603.
9
Calculate the highest common divisor of 98 and 776818.
14
What is the highest common factor of 466210693 and 481?
481
What is the greatest common divisor of 105904116 and 828?
36
What is the highest common factor of 14910712 and 152?
8
Calculate the highest common factor of 3168 and 183606192.
1584
Calculate the greatest common factor of 102035055 and 135.
15
Calculate the greatest common divisor of 1891755 and 6561.
2187
Calculate the highest common divisor of 52 and 912379.
13
Calculate the greatest common factor of 2550360 and 95718.
318
What is the greatest common divisor of 1287 and 11100804?
429
Calculate the highest common divisor of 299743411 and 62909.
8987
Calculate the highest common divisor of 30100 and 10710.
70
What is the highest common factor of 4093138 and 14?
14
Calculate the greatest common factor of 3470 and 16419346.
694
Calculate the highest common divisor of 15300 and 27124.
4
What is the highest common divisor of 312587483 and 136?
17
Calculate the greatest common factor of 24 and 1931946.
6
Calculate the greatest common factor of 35385162 and 348.
174
Calculate the greatest common factor of 431820496 and 6592.
1648
What is the greatest common divisor of 7624 and 2829457?
953
Calculate the highest common factor of 21439 and 44968.
11
What is the greatest common divisor of 2743344 and 72?
72
What is the greatest common divisor of 59323296 and 96?
96
Calculate the greatest common divisor of 10515473 and 11811.
127
Calculate the greatest common factor of 518322 and 73759.
287
Calculate the greatest common divisor of 21988551 and 3705.
39
Calculate the highest common divisor of 3568982 and 15110.
3022
What is the greatest common divisor of 9666960 and 480?
240
Calculate the greatest common factor of 13076869 and 39.
13
Calculate the highest common divisor of 5802240 and 296.
8
What is the greatest common factor of 3401 and 2158666?
19
What is the highest common factor of 192 and 59275104?
96
Calculate the greatest common factor of 790 and 19149205.
395
Calculate the highest common divisor of 28106314 and 11142.
1238
Calculate the greatest common factor of 52500 and 729553125.
13125
What is the greatest common divisor of 38088444 and 12?
12
Calculate the highest common divisor of 19352 and 252284.
236
Calculate the greatest common divisor of 195571519 and 4862.
2431
What is the greatest common divisor of 815166784 and 1415?
283
What is the highest common factor of 1672056 and 972?
108
What is the greatest common divisor of 22011174 and 8352?
522
Calculate the highest common divisor of 29810 and 166123.
271
What is the highest common factor of 841 and 9829057?
29
What is the greatest common divisor of 2907 and 874323?
171
Calculate the greatest common factor of 19118759 and 11899.
163
Calculate the greatest common factor of 24072 and 132504.
24
What is the greatest common factor of 22080 and 2207724?
276
Calculate the highest common factor of 461382 and 229774.
262
Calculate the greatest common divisor of 10960 and 32240.
80
What is the greatest common divisor of 1286 and 39494989?
643
What is the highest common divisor of 48161 and 139210787?
2833
What is the greatest common factor of 1455 and 309066735?
1455
Calculate the highest common factor of 95480 and 233585.
1705
Calculate the greatest common factor of 8268 and 237313648.
2756
What is the highest common factor of 1514004 and 852?
852
What is the greatest common divisor of 8624 and 48382796?
2156
What is the greatest common divisor of 90 and 163986?
6
Calculate the highest common factor of 17369034 and 6.
6
What is the greatest common factor of 8374520 and 4455?
55
Calculate the greatest common factor of 3324736 and 448.
64
Calculate the highest common divisor of 17083385 and 3322.
1661
Calculate the greatest common divisor of 29588608 and 896.
896
Calculate the greatest common divisor of 591 and 41391473.
197
What is the highest common divisor of 923442 and 30264?
78
Calculate the greatest common divisor of 151811 and 19739533.
4103
Calculate the highest common factor of 34064556 and 36.
12
What is the greatest common factor of 14019080 and 17152?
536
What is the highest common divisor of 990 and 25124550?
330
Calculate the highest common factor of 5599460 and 8500.
340
Calculate the greatest common factor of 14718893 and 11935.
217
What is the highest common factor of 6 and 256128798?
6
Calculate the highest common factor of 147882441 and 189.
21
Calculate the highest common factor